 211
What are the prime factors of 2132825?
5, 85313
List the prime factors of 419018.
2, 53, 59, 67
What are the prime factors of 2720103?
3, 906701
What are the prime factors of 1056288?
2, 3, 11003
List the prime factors of 674049.
3, 224683
What are the prime factors of 4818794?
2, 2409397
List the prime factors of 269503.
13, 20731
List the prime factors of 386290.
2, 5, 38629
List the prime factors of 610619.
610619
What are the prime factors of 19245349?
137, 140477
List the prime factors of 13966822.
2, 6983411
List the prime factors of 313203.
3, 11, 9491
What are the prime factors of 1507539?
3, 11, 4153
List the prime factors of 1189398.
2, 3, 7, 28319
List the prime factors of 333085.
5, 66617
List the prime factors of 37589244.
2, 3, 7, 11, 17, 2393
What are the prime factors of 1447973?
1447973
List the prime factors of 85893.
3, 28631
What are the prime factors of 717425?
5, 28697
What are the prime factors of 1174560?
2, 3, 5, 2447
What are the prime factors of 947196?
2, 3, 83, 317
What are the prime factors of 506565?
3, 5, 11257
What are the prime factors of 35628?
2, 3, 2969
What are the prime factors of 232368?
2, 3, 47, 103
What are the prime factors of 307528?
2, 13, 2957
List the prime factors of 333098.
2, 17, 97, 101
What are the prime factors of 3756600?
2, 3, 5, 2087
What are the prime factors of 19438915?
5, 3887783
List the prime factors of 1010.
2, 5, 101
What are the prime factors of 20685347?
97, 107, 1993
List the prime factors of 20575626.
2, 3, 37, 92683
List the prime factors of 37404853.
3989, 9377
List the prime factors of 2381639.
13, 183203
What are the prime factors of 5608046?
2, 2804023
List the prime factors of 7559689.
349, 21661
What are the prime factors of 832048?
2, 7, 17, 19, 23
List the prime factors of 5495895.
3, 5, 122131
What are the prime factors of 11123?
7, 227
List the prime factors of 9561.
3, 3187
List the prime factors of 3247966.
2, 71, 89, 257
List the prime factors of 86030.
2, 5, 7, 1229
What are the prime factors of 7068887?
7, 37, 557
List the prime factors of 25401431.
11, 31, 163, 457
List the prime factors of 34317672.
2, 3, 29, 49307
What are the prime factors of 3047673?
3, 1015891
What are the prime factors of 1692935?
5, 37, 9151
What are the prime factors of 19307017?
31, 587, 1061
What are the prime factors of 325615?
5, 65123
What are the prime factors of 3229?
3229
List the prime factors of 182947.
113, 1619
What are the prime factors of 3190480?
2, 5, 19, 2099
What are the prime factors of 822052?
2, 7, 11, 17, 157
What are the prime factors of 587682?
2, 3, 10883
What are the prime factors of 30351548?
2, 7587887
List the prime factors of 112689.
3, 19, 659
What are the prime factors of 235420?
2, 5, 79, 149
List the prime factors of 195319.
195319
List the prime factors of 47378.
2, 23689
List the prime factors of 597462.
2, 3, 99577
What are the prime factors of 990678?
2, 3, 13, 977
What are the prime factors of 366960?
2, 3, 5, 11, 139
What are the prime factors of 1035462?
2, 3, 19, 31, 293
List the prime factors of 1342863.
3, 19, 7853
What are the prime factors of 935141?
71, 13171
List the prime factors of 817181.
139, 5879
What are the prime factors of 926919?
3, 7, 14713
List the prime factors of 15115315.
5, 89, 33967
What are the prime factors of 11367805?
5, 2273561
What are the prime factors of 934108?
2, 7, 73, 457
List the prime factors of 767775.
3, 5, 29, 353
List the prime factors of 46130.
2, 5, 7, 659
What are the prime factors of 36497?
36497
What are the prime factors of 245280?
2, 3, 5, 7, 73
What are the prime factors of 80652?
2, 3, 11, 13, 47
List the prime factors of 183592.
2, 53, 433
List the prime factors of 2164423.
17, 19, 6701
List the prime factors of 93350.
2, 5, 1867
List the prime factors of 355278.
2, 3, 7, 11, 769
List the prime factors of 407816.
2, 19, 2683
List the prime factors of 3637409.
59, 61651
What are the prime factors of 495331?
67, 7393
What are the prime factors of 202837?
23, 8819
List the prime factors of 338158.
2, 169079
What are the prime factors of 84605?
5, 16921
List the prime factors of 1337517.
3, 353, 421
List the prime factors of 232035.
3, 5, 31, 499
What are the prime factors of 362287?
17, 101, 211
List the prime factors of 58111.
58111
What are the prime factors of 11185728?
2, 3, 17, 23, 149
List the prime factors of 5347669.
5347669
List the prime factors of 38920.
2, 5, 7, 139
What are the prime factors of 289241?
289241
What are the prime factors of 6285130?
2, 5, 277, 2269
What are the prime factors of 863589?
3, 287863
What are the prime factors of 888978?
2, 3, 229, 647
What are the prime factors of 2667084?
2, 3, 7, 31751
List the prime factors of 1718747.
1718747
What are the prime factors of 6099931?
19, 37, 8677
List the prime factors of 159323.
107, 1489
What are the prime factors of 113455?
5, 22691
What are the prime factors of 274630?
2, 5, 29, 947
List the prime factors of 1261244.
2, 71, 4441
List the prime factors of 21309732.
2, 3, 591937
List the prime factors of 761951.
61, 12491
What are the prime factors of 20770976?
2, 649093
What are the prime factors of 2140531?
2140531
What are the prime factors of 7198406?
2, 71, 163, 311
List the prime factors of 1228197.
3, 113, 3623
List the prime factors of 7146909.
3, 7, 11, 10313
What are the prime factors of 1579508?
2, 7, 19, 2969
What are the prime factors of 1656251?
1656251
List the prime factors of 905439.
3, 301813
List the prime factors of 62998.
2, 13, 2423
What are the prime factors of 372903?
3, 124301
List the prime factors of 497239.
497239
What are the prime factors of 293428?
2, 109, 673
List the prime factors of 15326097.
3, 97, 52667
What are the prime factors of 4998192?
2, 3, 31, 3359
List the prime factors of 797743.
797743
What are the prime factors of 439540?
2, 5, 21977
What are the prime factors of 412873?
23, 29, 619
What are the prime factors of 2112482?
2, 1056241
List the prime factors of 6411199.
2339, 2741
What are the prime factors of 109050?
2, 3, 5, 727
What are the prime factors of 14901921?
3, 547, 1009
What are the prime factors of 266151?
3, 79, 1123
List the prime factors of 10375172.
2, 2593793
What are the prime factors of 9030450?
2, 3, 5, 11, 13, 421
List the prime factors of 6306453.
3, 700717
List the prime factors of 308190.
2, 3, 5, 10273
List the prime factors of 713275.
5, 103, 277
What are the prime factors of 163142?
2, 7, 43, 271
List the prime factors of 276528.
2, 3, 7, 823
List the prime factors of 1770070.
2, 5, 177007
What are the prime factors of 482060?
2, 5, 24103
What are the prime factors of 788526?
2, 3, 71, 617
What are the prime factors of 28225705?
5, 113, 49957
List the prime factors of 415586.
2, 31, 6703
List the prime factors of 237666.
2, 3, 11, 13, 277
List the prime factors of 1346468.
2, 17, 19801
List the prime factors of 594211.
594211
What are the prime factors of 19063?
11, 1733
List the prime factors of 34970754.
2, 3, 7, 13, 19, 3371
What are the prime factors of 3534864?
2, 3, 73643
List the prime factors of 1108240.
2, 5, 7, 1979
List the prime factors of 1227050.
2, 5, 11, 23, 97
What are the prime factors of 7835216?
2, 251, 1951
What are the prime factors of 13044025?
5, 31, 16831
List the prime factors of 3882524.
2, 311, 3121
List the prime factors of 619476.
2, 3, 11, 13, 19
List the prime factors of 512586.
2, 3, 28477
What are the prime factors of 8461105?
5, 1692221
List the prime factors of 217223.
217223
List the prime factors of 6681940.
2, 5, 61, 5477
What are the prime factors of 4028505?
3, 5, 13, 73, 283
What are the prime factors of 11973978?
2, 3, 665221
List the prime factors of 3022380.
2, 3, 5, 29, 193
What are the prime factors of 158287?
17, 9311
What are the prime factors of 2990138?
2, 23, 65003
List the prime factors of 316389.
3, 263, 401
What are the prime factors of 205066?
2, 102533
What are the prime factors of 37597?
7, 41, 131
What are the prime factors of 866344?
2, 108293
What are the prime factors of 93139?
93139
What are the prime factors of 12497578?
2, 6248789
List the prime factors of 647197.
19, 23, 1481
What are the prime factors of 969678?
2, 3, 17957
What are the prime factors of 922998?
2, 3, 17, 90